53. Calculate the greatest common divisor of z and 40.
10
Let o(p) = -p**2 + 38*p - 33. Let h be o(28). Let l be (0/(-3*2/(-3)))/1. Suppose -k + l*k + 13 = 0. What is the greatest common factor of h and k?
13
Let g = -5414 + 6359. What is the highest common factor of 1485 and g?
135
Suppose -22*s + 21*s = -112. Let l = -2139 - -2279. What is the greatest common divisor of s and l?
28
Suppose -u + 2*p + 6 = 0, -u + 2*p + 3*p + 9 = 0. Let l be -1 - (2*-33 + 1 - u). What is the greatest common factor of l and 187?
17
Let a(j) = -41*j**2 + 759*j - 16*j**2 - 416*j + 4. Let s be a(6). Calculate the greatest common divisor of s and 250.
10
Suppose 39*f - 20 = 34*f, -2*c = 3*f - 56. Let m(r) = -r**2 + 28*r - 124. Let b be m(c). Calculate the highest common factor of b and 64.
8
Let s be (-8 + 339/(-12))*-4. Suppose -s = -11*g + 779. What is the highest common factor of g and 14?
14
Let a be 26*-33*(-1)/6. Let t(g) = g**2 - 17*g + 13. Let y be t(18). Let l = -20 + y. Calculate the greatest common factor of a and l.
11
Suppose 10*i - 421 = -261. Suppose 2*a - 6*a + i = 0, 4*a + 209 = 3*b. What is the greatest common divisor of 120 and b?
15
Let n(j) = j**2 - 5*j - 5. Let d be n(6). Let c(x) = -4*x**3 + 14*x**2 - 8*x + 12. Let f be c(3). Calculate the highest common factor of d and f.
1
Suppose d = 4*x + 33, x + x + 2*d + 24 = 0. Let i = 134 - 103. Let z = i + x. Calculate the greatest common divisor of 55 and z.
11
Suppose 2*h + 31 = r, 3*r + 2*h = -3*h + 82. Let o = 17915 - 17799. What is the greatest common factor of r and o?
29
Let l = -41 - -60. Let j be ((1216/14)/(-16))/((-10)/665). Calculate the greatest common divisor of l and j.
19
Let a = 2373 + -2370. Calculate the greatest common divisor of 12477 and a.
3
Suppose -7*h = -2*h + o - 284, -2*o + 112 = 2*h. Let m = 135 - h. Let d = -237 - -289. Calculate the greatest common factor of m and d.
26
Suppose 6*o = 5169 - 4245. Calculate the highest common factor of 187 and o.
11
Let m be (10/(-25))/(2/(780/1)). Let r = m - -180. Let y = 13 + -5. Calculate the greatest common divisor of y and r.
8
Let s be ((-9 - -15) + 1242/27)/(2/441). What is the greatest common factor of 52 and s?
26
Let k(w) = -2*w - 18 + 1 - 10 + 5. Let f be k(-11). Suppose 5*o + 200 = 2*x, 0 = -2*x + 3*o - f*o + 204. What is the highest common factor of 21 and x?
21
Let c(k) = 708*k - 206. Let h be c(11). What is the highest common divisor of 34 and h?
34
Let t(y) be the second derivative of 2*y**3/3 - 11*y**2/2 + 16*y. Let x be t(-11). Let f be -1*x/(-1 + 6). What is the highest common divisor of f and 11?
11
Let z(a) = -112*a**3 + 4*a**2 + 16*a - 4. Let d be z(-4). Calculate the greatest common factor of 72 and d.
36
Let w = -13192 - -14229. What is the greatest common divisor of w and 488?
61
Let p(j) = -j**3 - 20*j**2 + 2*j + 56. Let n be p(-20). Let d be 3 - (3 - (-7)/(-1)). Suppose 5*u + 8 = d*u. Calculate the greatest common divisor of n and u.
4
Let f be (86 + 10/(-2))/(3 - 2). What is the highest common divisor of 15 and f?
3
Let z(u) = -u**3 + 20*u**2 - 50*u + 4. Let r be z(16). Let k be 13/(78/r) - -7. Let v be (-2)/3*-87 + 2. What is the greatest common divisor of k and v?
15
Let u = -178 - -59. Let p = u + 128. What is the highest common factor of p and 18?
9
Suppose 5*t = r - 245, 0*r + 98 = -2*t + 4*r. Let y = 36 + t. Let u be 2/y + (2820/78)/1. Calculate the highest common divisor of u and 9.
9
Suppose 15*z + 3973 + 182 = 0. Let s = z + 376. Calculate the greatest common divisor of 9 and s.
9
Suppose -h - 5 = 0, -3*o - 2*h = -o - 208. Let g = o + -70. What is the highest common divisor of 507 and g?
39
Suppose -2*k = -5*k - 4*q + 294, 3*q - 195 = -2*k. Suppose 4*u - 10 = -118. Let w be (k + 0)*(-9)/u. What is the greatest common factor of 51 and w?
17
Let m = 32738 + -32711. Calculate the greatest common factor of m and 1809.
27
Suppose 124 + 296 = 4*q. Suppose 0 = -43*p + 40*p - s + 185, -142 = -2*p + 4*s. Calculate the highest common factor of p and q.
21
Suppose -p + 3*p - 36 = 2*k, -2*k = 5*p - 55. Suppose 6235 = 27*n - 434. Calculate the greatest common divisor of p and n.
13
Suppose u - 3*d - 260 = 0, 4*u - 2*u - 5*d - 517 = 0. Let f = u - 225. What is the greatest common factor of 234 and f?
26
Suppose 0*p = -6*p + 4*p. Let a be p - 56/(-4) - 3/1. Calculate the highest common divisor of a and 22.
11
Let k(d) = 10*d**2 - 30*d - 29. Let y be k(5). Let a = -19 - -91. Let g = a - y. Calculate the highest common factor of g and 5.
1
Suppose -12*q = -q - 55. Suppose -3*a - 57 = -4*r + 15, -3*r + q*a + 43 = 0. Calculate the highest common divisor of r and 504.
21
Let v(b) = -1191*b - 20211. Let n be v(-17). Suppose 0 = 2*f + 3*z - 1146 - 165, -z - 643 = -f. Calculate the highest common factor of f and n.
36
Let z = 95 - 93. Let d be (-7 - -25)*1/z. What is the greatest common divisor of 243 and d?
9
Suppose c = 5*k - 8757 - 10035, 2*k - 3*c - 7535 = 0. Calculate the highest common divisor of k and 78.
13
Let q(m) = 17*m - 138. Let b be q(11). Let i be 12/(-21) - (-1890)/b. What is the highest common divisor of i and 4?
2
Suppose 5*a - w = 442, 29*a - 28*a = -2*w + 84. What is the highest common divisor of 11 and a?
11
Let i(c) = -3*c**2 - 44*c + 8. Let m be i(-11). Suppose m = 13*a - 118. What is the highest common divisor of a and 304?
19
Let q = 55147 + -32433. What is the highest common factor of q and 82?
82
Suppose 3*d = -3*h + 234, 0 = -5*d + 4*h + h + 370. Let a be d + ((-4)/(-5))/(11/(-55)). Calculate the highest common factor of a and 18.
18
Let o be (-240)/(-9) - (-1)/3. Suppose 69 = 3*w + 2*z, w - z - 92 = -3*w. Let d = o - w. What is the greatest common factor of 4 and d?
4
Let z(w) = -9*w**3 + 38*w**2 + 101*w + 153. Let f be z(-14). Calculate the greatest common factor of 89 and f.
89
Suppose -26*v - 10380 = -11*v. Let d be (-6)/(-9) - 0 - v/6. Let q = 119 - d. Calculate the greatest common factor of 24 and q.
3
Let y = -12672 - -15092. Calculate the highest common divisor of y and 60.
20
Let u(z) = -281*z + 1728. Let d be u(6). What is the highest common factor of 1398 and d?
6
Let i be -1 + (101 - 13 - 7). What is the greatest common factor of i and 790?
10
Let u be ((-3)/1)/(18/(-138)). Let i = 59 - u. Suppose 4*f + 4*j = 180, -f = -2*j + 6*j - i. What is the highest common divisor of f and 16?
16
Let i be (3/(-9))/((-4)/228) - -5. Suppose 3*v - 181 = 4*v. Let b = -121 - v. Calculate the highest common divisor of b and i.
12
Let s(a) = -a**3 - 11*a**2 - 30*a - 1. Let h be s(-6). Let w(p) = -559*p**3 - p**2 + 4*p + 5. Let c be w(h). What is the highest common divisor of c and 43?
43
Suppose 13*i = 3*i - 1840. Let y = -151 - i. What is the greatest common divisor of 33 and y?
33
Suppose -2*s - 41 + 95 = 0. Let w = 414 - 171. What is the highest common factor of s and w?
27
Let o(u) = -3*u**3 - 4*u**2 - 4*u - 1. Let t be o(-2). Suppose 3*h + t = -c + 58, -4*h = c - 48. What is the highest common factor of c and 224?
28
Suppose 2*q + 3*q = 10. Let y(l) be the first derivative of 4*l**2 - 7*l - 27. Let w be y(q). What is the greatest common divisor of 36 and w?
9
Let d = -3999 + 4713. Calculate the greatest common divisor of d and 60.
6
Let l be -410 + (4 - 5) + 3. Let k be l/(-238)*(-14)/(-4). What is the highest common divisor of k and 3?
3
Let v(a) = 8*a**2 + 35*a + 281. Let d be v(-10). Suppose 0 = 7*o - 3188 + d. What is the greatest common factor of 54 and o?
27
Let r(o) = 7*o + 46. Let z be r(-6). Let b(s) = 2*s + 0*s + 26 + z*s. Let p be b(11). What is the greatest common factor of 230 and p?
46
Let l(d) = d**2 - 40*d - 594. Let h be l(-26). Calculate the greatest common divisor of 408 and h.
102
Let p be 43*((-4)/(-2) - 1). Let i = 88 - p. Let y(u) = -79*u + 957. Let m be y(12). What is the greatest common factor of i and m?
9
Let g be (-13 - 3317/(-155))*3/(18/40). What is the highest common divisor of 3584 and g?
56
Let k(y) = -117*y**2 + 14*y + 34. Let n be k(-2). Let d be 3/5 - n/30. What is the greatest common factor of 3 and d?
1
Suppose -4*h + 665 = h. Let x = -181106 - -181144. Calculate the highest common factor of x and h.
19
Let q = -5385 + 6575. What is the highest common factor of 210 and q?
70
Let q(j) = j**2 + 399*j + 1982. Let h be q(-5). Calculate the greatest common div